en millions digit of 741521461?
4
What is the units digit of 999777929?
9
What is the ten thousands digit of 156463629?
6
What is the ten thousands digit of 220091278?
9
What is the thousands digit of 1081866?
1
What is the ten thousands digit of 3198070298?
7
What is the ten thousands digit of 13560812?
6
What is the hundred thousands digit of 203057182?
0
What is the ten millions digit of 67190691?
6
What is the hundred thousands digit of 222464049?
4
What is the tens digit of 135139952?
5
What is the ten thousands digit of 595537512?
3
What is the ten thousands digit of 5679966450?
6
What is the units digit of 151539074?
4
What is the units digit of 72619959?
9
What is the ten thousands digit of 50136698?
3
What is the billions digit of 3160924372?
3
What is the tens digit of 268251365?
6
What is the thousands digit of 3703702265?
2
What is the ten thousands digit of 606590639?
9
What is the hundred millions digit of 121873253?
1
What is the ten millions digit of 383241977?
8
What is the hundreds digit of 13432598?
5
What is the thousands digit of 104388570?
8
What is the hundred thousands digit of 35407359?
4
What is the hundred thousands digit of 1542438916?
4
What is the hundreds digit of 110724611?
6
What is the units digit of 376057266?
6
What is the units digit of 733918606?
6
What is the ten thousands digit of 453013503?
1
What is the millions digit of 91075997?
1
What is the hundred thousands digit of 5904046035?
0
What is the hundreds digit of 74246529?
5
What is the billions digit of 1231242697?
1
What is the ten thousands digit of 1616028100?
2
What is the ten millions digit of 38677659?
3
What is the ten millions digit of 12815562?
1
What is the millions digit of 1032638421?
2
What is the ten thousands digit of 58694681?
9
What is the hundred thousands digit of 366067302?
0
What is the ten millions digit of 56005737?
5
What is the hundreds digit of 476426014?
0
What is the units digit of 137359772?
2
What is the tens digit of 72819794?
9
What is the tens digit of 3159179297?
9
What is the millions digit of 20401539?
0
What is the tens digit of 316734867?
6
What is the hundreds digit of 1322447055?
0
What is the hundred millions digit of 274165801?
2
What is the units digit of 62916168?
8
What is the millions digit of 10229607?
0
What is the hundred thousands digit of 45561583?
5
What is the units digit of 321672270?
0
What is the ten millions digit of 45962709?
4
What is the hundred thousands digit of 245284622?
2
What is the tens digit of 968655?
5
What is the units digit of 406706811?
1
What is the thousands digit of 11255693?
5
What is the hundreds digit of 799592818?
8
What is the units digit of 437100533?
3
What is the millions digit of 53758881?
3
What is the millions digit of 173787756?
3
What is the tens digit of 364627602?
0
What is the hundreds digit of 795770676?
6
What is the ten thousands digit of 52191897?
9
What is the hundred millions digit of 118211932?
1
What is the hundred thousands digit of 68544237?
5
What is the hundred thousands digit of 454803?
4
What is the thousands digit of 138461849?
1
What is the tens digit of 115775216?
1
What is the hundreds digit of 132784448?
4
What is the tens digit of 4252721?
2
What is the hundred millions digit of 118837423?
1
What is the thousands digit of 213905725?
5
What is the hundred thousands digit of 81681783?
6
What is the ten millions digit of 117566744?
1
What is the millions digit of 86965360?
6
What is the units digit of 338483896?
6
What is the ten thousands digit of 9832690?
3
What is the hundreds digit of 46518934?
9
What is the thousands digit of 2515173894?
3
What is the tens digit of 31522765?
6
What is the ten thousands digit of 99218406?
1
What is the billions digit of 7623203958?
7
What is the hundred thousands digit of 99559063?
5
What is the units digit of 34699590?
0
What is the hundreds digit of 281019078?
0
What is the tens digit of 89910823?
2
What is the thousands digit of 1840156890?
6
What is the hundred millions digit of 997875148?
9
What is the hundred thousands digit of 112896022?
8
What is the hundreds digit of 227267983?
9
What is the ten thousands digit of 9893740?
9
What is the tens digit of 139339133?
3
What is the hundred millions digit of 676641989?
6
What is the thousands digit of 87528511?
8
What is the units digit of 33850077?
7
What is the ten millions digit of 304077925?
0
What is the hundred thousands digit of 44970319?
9
What is the millions digit of 713909816?
3
What is the hundred thousands digit of 156250010?
2
What is the units digit of 520706373?
3
What is the hundred thousands digit of 2758616877?
6
What is the units digit of 580821848?
8
What is the ten millions digit of 30359819?
3
What is the hundred thousands digit of 172162404?
1
What is the hundreds digit of 138340165?
1
What is the millions digit of 1018277485?
8
What is the billions digit of 4964805696?
4
What is the millions digit of 11715580?
1
What is the ten thousands digit of 1996793299?
9
What is the thousands digit of 64413638?
3
What is the ten millions digit of 259375586?
5
What is the thousands digit of 76441278?
1
What is the ten thousands digit of 2176492587?
9
What is the units digit of 68517901?
1
What is the hundred millions digit of 119734751?
1
What is the hundreds digit of 142631015?
0
What is the ten millions digit of 545552749?
4
What is the ten millions digit of 30613449?
3
What is the ten thousands digit of 2186465716?
6
What is the hundreds digit of 908553402?
4
What is the hundreds digit of 123007412?
4
What is the hundred thousands digit of 198952779?
9
What is the hundred thousands digit of 500662483?
6
What is the tens digit of 937857022?
2
What is the thousands digit of 20452005?
2
What is the hundred millions digit of 124862793?
1
What is the tens digit of 54435704?
0
What is the thousands digit of 114405591?
5
What is the thousands digit of 1700794046?
4
What is the tens digit of 40752579?
7
What is the hundreds digit of 60424483?
4
What is the millions digit of 871994604?
1
What is the hundred thousands digit of 51288799?
2
What is the units digit of 74253759?
9
What is the thousands digit of 52291305?
1
What is the tens digit of 2193648042?
4
What is the ten millions digit of 1378880631?
7
What is the ten millions digit of 2775827558?
7
What is the hundred thousands digit of 2121267?
1
What is the hundred thousands digit of 357119501?
1
What is the ten millions digit of 14949022?
1
What is the ten millions digit of 43155716?
4
What is the ten millions digit of 34759828?
3
What is the units digit of 27316794?
4
What is the thousands digit of 1200768509?
8
What is the hundreds digit of 105545879?
8
What is the hundreds digit of 451873173?
1
What is the hundred millions digit of 278599612?
2
What is the tens digit of 2583885716?
1
What is the hundred millions digit of 4760751482?
7
What is the ten millions digit of 156057290?
5
What is the millions digit of 151388727?
1
What is the hundred millions digit of 3207697722?
2
What is the hundred millions digit of 1272658938?
2
What is the millions digit of 9959781?
9
What is the ten thousands digit of 830778502?
7
What is the ten millions digit of 12614051?
1
What is the units digit of 54092619?
9
What is the ten millions digit of 16513008?
1
What is the units digit of 319782642?
2
What is the ten millions digit of 70816128?
7
What is the units digit of 884955672?
2
What is the millions digit of 91821973?
1
What is the thousands digit of 103759423?
9
What is the ten thousands digit of 69576590?
7
What is the ten thousands digit of 87504358?
0
What is the ten thousands digit of 51782881?
8
What is the ten thousands digit of 1526297414?
9
What is the hundreds digit of 1788839261?
2
What is the hundred thousands digit of 340198851?
1
What is the ten millions digit of 1631600993?
3
What is the units digit of 211354227?
7
What is the billions digit of 1831173461?
1
What is the tens digit of 85947526?
2
What is the ten thousands digit of 102740920?
4
What is the hundred thousands digit of 293134016?
1
What is the hundred thousands digit of 125391134?
3
What is the ten millions digit of 30794150?
3
What is the ten thousands digit of 2108234217?
3
What is the millions digit of 117123788?
7
What